on divisor of 6698 and 51220?
394
Calculate the highest common factor of 174 and 11542.
58
What is the greatest common factor of 214574 and 8?
2
Calculate the greatest common divisor of 5963 and 5251.
89
Calculate the highest common factor of 1770 and 9186.
6
What is the highest common divisor of 180 and 37752?
12
What is the highest common divisor of 79706 and 374?
22
Calculate the highest common divisor of 109144 and 308.
28
What is the highest common divisor of 14856 and 168?
24
Calculate the greatest common factor of 1450332 and 864.
108
Calculate the highest common factor of 1116128 and 416.
416
What is the greatest common factor of 45331 and 44?
11
Calculate the highest common divisor of 12137 and 4611.
53
Calculate the highest common divisor of 252 and 1971004.
28
Calculate the highest common divisor of 56 and 2317.
7
Calculate the greatest common divisor of 2613 and 122878.
67
Calculate the greatest common factor of 55190 and 40.
10
What is the highest common factor of 190269 and 54?
27
What is the highest common divisor of 1248 and 1824?
96
Calculate the highest common divisor of 624 and 18798.
78
What is the greatest common factor of 273163 and 19?
19
Calculate the greatest common divisor of 2084 and 108.
4
Calculate the highest common divisor of 298 and 139762.
298
Calculate the highest common divisor of 4002 and 66.
6
What is the greatest common factor of 12474 and 322?
14
What is the highest common divisor of 1078744 and 94?
94
What is the highest common factor of 127 and 2258441?
127
What is the highest common factor of 63713 and 2535?
169
Calculate the highest common divisor of 10128 and 3906876.
2532
What is the highest common factor of 26 and 1729962?
26
What is the greatest common divisor of 6464 and 7272?
808
Calculate the greatest common divisor of 209 and 21251329.
209
Calculate the highest common divisor of 7910 and 43750.
70
What is the highest common factor of 46 and 288213?
23
What is the highest common factor of 127985 and 1430?
715
What is the highest common divisor of 2700 and 1275?
75
Calculate the highest common divisor of 2280 and 772730.
190
Calculate the highest common factor of 112690 and 118.
118
What is the highest common divisor of 1070 and 4204030?
1070
Calculate the highest common divisor of 100 and 121075.
25
Calculate the highest common divisor of 7409 and 27007.
239
What is the greatest common divisor of 2984220 and 4248?
2124
What is the highest common divisor of 25346 and 3059?
437
What is the highest common divisor of 185100 and 50?
50
Calculate the greatest common divisor of 917 and 665.
7
Calculate the greatest common factor of 387138 and 2712.
678
Calculate the highest common factor of 5206 and 1444.
38
What is the highest common factor of 1148 and 1955331?
287
Calculate the highest common divisor of 760 and 125704.
152
What is the highest common divisor of 1 and 16902?
1
What is the highest common factor of 33524 and 232?
116
Calculate the greatest common divisor of 372 and 324.
12
Calculate the greatest common divisor of 18272 and 327183.
571
Calculate the greatest common divisor of 12648 and 7344.
408
What is the greatest common divisor of 20820787 and 13?
13
What is the greatest common divisor of 7212 and 456?
12
What is the greatest common factor of 142950 and 190?
10
Calculate the highest common divisor of 5238 and 12.
6
Calculate the greatest common divisor of 93027 and 33.
33
Calculate the greatest common divisor of 59936 and 128.
32
Calculate the highest common factor of 336 and 9296.
112
Calculate the greatest common divisor of 87830 and 50.
10
What is the highest common factor of 82439 and 56?
7
Calculate the highest common divisor of 14 and 726.
2
What is the greatest common factor of 70 and 2668680?
70
What is the greatest common factor of 57784 and 5825?
233
Calculate the greatest common divisor of 3009000 and 4956.
708
Calculate the highest common divisor of 439968 and 2832.
48
What is the greatest common divisor of 554160 and 408?
24
Calculate the highest common divisor of 622 and 3.
1
What is the greatest common divisor of 29075 and 4175?
25
What is the highest common divisor of 10416 and 2904?
24
Calculate the highest common divisor of 19030 and 1285390.
1730
What is the highest common factor of 6879863 and 1031?
1031
What is the highest common divisor of 703 and 248381?
37
What is the highest common divisor of 2277183 and 1917?
213
What is the highest common divisor of 1315 and 575?
5
What is the highest common divisor of 6161 and 4148?
61
What is the greatest common divisor of 286 and 97130?
22
What is the highest common divisor of 57198 and 18?
6
Calculate the highest common factor of 396 and 93.
3
What is the highest common divisor of 600 and 30300?
300
Calculate the greatest common factor of 696 and 649716.
348
Calculate the highest common factor of 38454 and 32973.
87
Calculate the highest common divisor of 327 and 137558.
109
What is the highest common divisor of 1336778 and 136?
34
Calculate the greatest common divisor of 405 and 25.
5
What is the highest common factor of 316 and 182806?
158
What is the greatest common factor of 105455 and 6419?
917
Calculate the greatest common divisor of 122690 and 120.
10
Calculate the greatest common divisor of 900 and 119200.
100
Calculate the highest common divisor of 2968 and 1989196.
212
What is the highest common divisor of 99 and 417879?
99
Calculate the highest common divisor of 4234 and 40948.
58
Calculate the highest common divisor of 118 and 3084.
2
What is the greatest common divisor of 560 and 17605?
35
What is the highest common factor of 1828230 and 19370?
1490
What is the greatest common factor of 7 and 193081?
7
Calculate the highest common factor of 1087702 and 11.
11
Calculate the greatest common factor of 310 and 615040.
310
Calculate the highest common factor of 1705 and 605.
55
What is the highest common divisor of 42266 and 6034?
14
Calculate the greatest common divisor of 146 and 12337730.
146
What is the greatest common divisor of 276 and 591?
3
What is the greatest common divisor of 33084 and 1143?
9
What is the highest common factor of 9390490 and 116?
58
What is the greatest common divisor of 9264 and 31104?
48
Calculate the highest common factor of 816 and 42.
6
What is the highest common divisor of 1269 and 405?
27
Calculate the highest common divisor of 8525 and 614575.
775
Calculate the highest common factor of 303048 and 138.
138
Calculate the highest common factor of 32 and 216416.
32
What is the highest common factor of 1621285 and 355?
355
Calculate the highest common divisor of 1099188 and 1368.
684
Calculate the greatest common divisor of 11416572 and 9.
9
Calculate the highest common factor of 48908 and 16.
4
What is the greatest common divisor of 513 and 2412?
9
Calculate the highest common divisor of 21833 and 7.
7
Calculate the greatest common divisor of 21094 and 69451.
199
What is the highest common divisor of 19711 and 1978?
23
What is the greatest common divisor of 276 and 627716?
92
What is the highest common divisor of 14 and 12710?
2
What is the greatest common factor of 3036474 and 14?
14
Calculate the highest common factor of 65 and 169455.
65
What is the greatest common divisor of 96 and 277320?
24
Calculate the greatest common factor of 175 and 100114.
7
What is the greatest common factor of 650 and 178490?
130
Calculate the highest common divisor of 304029 and 3256.
407
Calculate the greatest common factor of 38705 and 115.
5
Calculate the highest common factor of 2678 and 15028.
26
Calculate the greatest common divisor of 4875 and 157875.
375
What is the greatest common factor of 11448 and 20304?
216
Calculate the highest common divisor of 11749 and 279.
31
Calculate the greatest common factor of 1287 and 875394.
117
Calculate the highest common divisor of 10967 and 112661.
997
What is the greatest common divisor of 138 and 11824806?
138
Calculate the greatest common divisor of 10230 and 3630.
330
Calculate the highest common divisor of 13728 and 462.
66
Calculate the highest common divisor of 304 and 10545.
19
What is the highest common factor of 22805 and 15?
5
Calculate the highest common factor of 855 and 8265.
285
What is the greatest common divisor of 737 and 170917?
67